ded by 40?
20
Calculate the remainder when 479 is divided by 21.
17
Calculate the remainder when 307 is divided by 33.
10
Calculate the remainder when 207 is divided by 104.
103
What is the remainder when 250 is divided by 8?
2
What is the remainder when 61 is divided by 19?
4
What is the remainder when 258 is divided by 31?
10
What is the remainder when 572 is divided by 561?
11
What is the remainder when 215 is divided by 14?
5
What is the remainder when 32 is divided by 31?
1
Calculate the remainder when 4533 is divided by 126.
123
Calculate the remainder when 426 is divided by 10.
6
Calculate the remainder when 228 is divided by 27.
12
What is the remainder when 106 is divided by 23?
14
What is the remainder when 2134 is divided by 528?
22
Calculate the remainder when 1376 is divided by 17.
16
What is the remainder when 71 is divided by 19?
14
Calculate the remainder when 2558 is divided by 32.
30
Calculate the remainder when 71 is divided by 4.
3
Calculate the remainder when 504 is divided by 159.
27
Calculate the remainder when 217 is divided by 5.
2
What is the remainder when 687 is divided by 43?
42
Calculate the remainder when 4190 is divided by 8.
6
Calculate the remainder when 525 is divided by 308.
217
What is the remainder when 83 is divided by 72?
11
Calculate the remainder when 13 is divided by 9.
4
What is the remainder when 308 is divided by 62?
60
What is the remainder when 154 is divided by 60?
34
Calculate the remainder when 1794 is divided by 120.
114
Calculate the remainder when 189 is divided by 38.
37
Calculate the remainder when 566 is divided by 9.
8
Calculate the remainder when 51 is divided by 28.
23
What is the remainder when 191 is divided by 41?
27
Calculate the remainder when 2081 is divided by 70.
51
What is the remainder when 190 is divided by 48?
46
What is the remainder when 360 is divided by 349?
11
Calculate the remainder when 1640 is divided by 329.
324
What is the remainder when 333 is divided by 28?
25
What is the remainder when 80 is divided by 47?
33
Calculate the remainder when 425 is divided by 142.
141
Calculate the remainder when 892 is divided by 43.
32
Calculate the remainder when 225 is divided by 80.
65
What is the remainder when 270 is divided by 49?
25
What is the remainder when 26660 is divided by 7?
4
What is the remainder when 100 is divided by 15?
10
What is the remainder when 1652 is divided by 42?
14
Calculate the remainder when 6993 is divided by 280.
273
Calculate the remainder when 2635 is divided by 94.
3
Calculate the remainder when 999 is divided by 41.
15
Calculate the remainder when 197 is divided by 178.
19
Calculate the remainder when 888 is divided by 86.
28
What is the remainder when 29 is divided by 9?
2
What is the remainder when 340 is divided by 15?
10
Calculate the remainder when 50 is divided by 18.
14
Calculate the remainder when 15703 is divided by 104.
103
Calculate the remainder when 286 is divided by 58.
54
Calculate the remainder when 1524 is divided by 25.
24
What is the remainder when 145 is divided by 126?
19
What is the remainder when 7666 is divided by 2552?
10
What is the remainder when 574 is divided by 498?
76
Calculate the remainder when 598 is divided by 34.
20
Calculate the remainder when 1586 is divided by 377.
78
Calculate the remainder when 350 is divided by 89.
83
What is the remainder when 293 is divided by 99?
95
What is the remainder when 20 is divided by 7?
6
Calculate the remainder when 269 is divided by 143.
126
What is the remainder when 1365 is divided by 17?
5
Calculate the remainder when 100 is divided by 21.
16
Calculate the remainder when 88 is divided by 20.
8
What is the remainder when 169 is divided by 34?
33
Calculate the remainder when 343 is divided by 162.
19
Calculate the remainder when 101 is divided by 59.
42
What is the remainder when 161 is divided by 13?
5
Calculate the remainder when 114 is divided by 40.
34
Calculate the remainder when 788 is divided by 248.
44
Calculate the remainder when 1260 is divided by 183.
162
What is the remainder when 915 is divided by 27?
24
Calculate the remainder when 671 is divided by 197.
80
What is the remainder when 130 is divided by 77?
53
What is the remainder when 3082 is divided by 31?
13
Calculate the remainder when 118 is divided by 21.
13
What is the remainder when 836 is divided by 14?
10
Calculate the remainder when 2703 is divided by 5.
3
Calculate the remainder when 326 is divided by 27.
2
Calculate the remainder when 308 is divided by 10.
8
What is the remainder when 141 is divided by 40?
21
Calculate the remainder when 427 is divided by 34.
19
What is the remainder when 200 is divided by 69?
62
Calculate the remainder when 1773 is divided by 70.
23
Calculate the remainder when 150 is divided by 27.
15
Calculate the remainder when 1618 is divided by 37.
27
Calculate the remainder when 1173 is divided by 25.
23
What is the remainder when 504 is divided by 27?
18
Calculate the remainder when 226 is divided by 12.
10
What is the remainder when 607 is divided by 102?
97
Calculate the remainder when 79 is divided by 39.
1
What is the remainder when 850 is divided by 1?
0
Calculate the remainder when 1291 is divided by 24.
19
Calculate the remainder when 16 is divided by 7.
2
What is the remainder when 751 is divided by 351?
49
What is the remainder when 1259 is divided by 59?
20
What is the remainder when 2639 is divided by 84?
35
Calculate the remainder when 270 is divided by 104.
62
What is the remainder when 118 is divided by 7?
6
What is the remainder when 767 is divided by 70?
67
What is the remainder when 1007 is divided by 92?
87
What is the remainder when 726 is divided by 60?
6
What is the remainder when 210 is divided by 109?
101
What is the remainder when 438 is divided by 64?
54
Calculate the remainder when 1515 is divided by 742.
31
What is the remainder when 393 is divided by 66?
63
Calculate the remainder when 65 is divided by 52.
13
Calculate the remainder when 89 is divided by 24.
17
What is the remainder when 8503 is divided by 81?
79
Calculate the remainder when 84 is divided by 22.
18
Calculate the remainder when 2955 is divided by 51.
48
What is the remainder when 187 is divided by 3?
1
What is the remainder when 75 is divided by 19?
18
What is the remainder when 158 is divided by 49?
11
What is the remainder when 135 is divided by 26?
5
What is the remainder when 79 is divided by 16?
15
What is the remainder when 3218 is divided by 92?
90
What is the remainder when 499 is divided by 46?
39
Calculate the remainder when 765 is divided by 141.
60
Calculate the remainder when 2651 is divided by 102.
101
What is the remainder when 653 is divided by 15?
8
What is the remainder when 1800 is divided by 17?
15
Calculate the remainder when 24 is divided by 14.
10
What is the remainder when 410 is divided by 31?
7
What is the remainder when 666 is divided by 156?
42
Calculate the remainder when 4177 is divided by 5.
2
Calculate the remainder when 67216 is divided by 34.
32
Calculate the remainder when 4061 is divided by 2011.
39
Calculate the remainder when 232 is divided by 17.
11
What is the remainder when 127 is divided by 14?
1
Calculate the remainder when 921 is divided by 22.
19
What is the remainder when 383 is divided by 24?
23
What is the remainder when 1438 is divided by 26?
8
Calculate the remainder when 193 is divided by 92.
9
Calculate the remainder when 77 is divided by 8.
5
Calculate the remainder when 78 is divided by 35.
8
Calculate the remainder when 665 is divided by 29.
27
Calculate the remainder when 470 is divided by 19.
14
Calculate the remainder when 155 is divided by 10.
5
What is the remainder when 2209 is divided by 221?
220
Calculate the remainder when 3189 is divided by 19.
16
Calculate the remainder when 465 is divided by 36.
33
Calculate the remainder when 290 is divided by 70.
10
What is the remainder when 416 is divided by 86?
72
Calculate the remainder when 4897 is divided by 10.
7
Calculate the remainder when 567 is divided by 62.
9
What is the remainder when 200 is divided by 98?
4
What is the remainder when 144 is divided by 9?
0
What is the remainder when 6889 is divided by 130?
129
Calculate the remainder when 2179 is divided b